(i).
10
Suppose 5*i + 90 = 14*i. Suppose -4*p + i - 4 = n, 3*p + n = 4. Let f(t) = -6*t - t + 4*t - t**2 + 2. Calculate f(p).
-8
Let y(u) = -8*u**2 + u. Let m(c) = c**2. Let i(s) = -6*m(s) + y(s). Calculate i(1).
-13
Let c(v) be the first derivative of v**4 - v**3/3 + v + 89. What is c(-1)?
-4
Let j(f) = -f**3 - 6*f**2 + 37*f - 24. Let k be j(-10). Let z(t) = -t**3 + 7*t**2 - 6*t + 8. Calculate z(k).
8
Let q(s) = -8*s + 1. Let d = -578 + 576. What is q(d)?
17
Let q be ((-14)/(-10))/(46/230). Let n(a) = -8. Let s(g) = -g - 7. Let p(z) = -3*n(z) + 2*s(z). Determine p(q).
-4
Suppose -4*r = -4*k - 112, 2*r + 2*k + 2 - 54 = 0. Let p = 3 + r. Suppose 7*u - u = p. Let c(j) = j**3 - 5*j**2 - 2. Give c(u).
-2
Let t(z) = -6*z - 18001 + 18002 + 2*z + 5*z**2 - z**3. Let r be 2/2 + 4 + 0. What is t(r)?
-19
Let a(q) = 3*q + 3. Let o(w) = w**3 - 7*w**2 + 6*w - 39. Let y be o(7). Give a(y).
12
Let g(j) = -18*j**3 - 2*j**2 + j + 2. Let y = 1473 + -1474. What is g(y)?
17
Let u = -36 - -41. Suppose -u*v - n = -28, -v - 2*n + 17 = 2*n. Let a(m) = -m + 3. Calculate a(v).
-2
Let g(h) be the first derivative of -h**4/4 - 8*h**3 - 11*h**2 + 33*h + 379. What is g(-23)?
10
Let z(v) be the first derivative of 117*v**2 - 116*v**2 - v + 29 - v. What is z(-4)?
-10
Let l(m) = 3*m + 2. Let c be (12/20)/(3/(-30)). What is l(c)?
-16
Let r(v) = -9*v + 7*v + v + 15. What is r(13)?
2
Let z(d) = d**3 - 6*d**2 - 2*d + 5. Suppose -203 - 253 = 6*q. Let m be 0 + q/(-12) - (-1)/(-3). Determine z(m).
-7
Let u = -57 - -60. Let v(s) = u - 6 - 7*s + 1 + 4*s. Determine v(-2).
4
Suppose -5*l - 28 + 49 = -2*y, -3*y - l = 6. Let o(d) = -3*d + 2. Let u(a) = -7*a + 3. Let i(t) = -9*o(t) + 4*u(t). What is i(y)?
-3
Let h(n) = -16*n - 21. Let d(w) = -5*w - 8. Let s(o) = -7*d(o) + 2*h(o). What is s(-11)?
-19
Let l(s) = -2 + 5*s + 2959*s**2 - 2960*s**2 - 3. Let p(o) = -o**2 - 5*o + 6. Let b be p(-6). Let q = 4 - b. Determine l(q).
-1
Let l(o) = -7*o**2 + 3*o + 6. Let g(b) = -b**3 - b**2 + 2*b + 1. Let k be g(-1). Let h(z) = -z**2 + z + 1. Let u(i) = k*l(i) + 5*h(i). Calculate u(1).
3
Let y(z) be the second derivative of 3*z**3/2 + 11*z**2/2 + z. Let t(m) = 4*m + 5. Let a(s) = 7*t(s) - 3*y(s). Let i = 988 + -993. What is a(i)?
-3
Let c(b) = -b**2 + 3*b - 4. Let u(k) = -k - 10. Let p be u(-12). Let y = p - -3. Calculate c(y).
-14
Let n(k) = 10*k - 2. Suppose 3*w = p - 13, -p - 2*w = 4*p + 3. Give n(p).
8
Let n(l) = 6*l**2 + 2*l**2 - 10*l**2 + 3*l**2 - l - 1. Let f be n(3). Let m(p) = -p**3 + 6*p**2 - 4*p + 3. Determine m(f).
8
Suppose 2 = -6*k + 7*k. Suppose -k*f = -z - 6, -4*f - 13 = 4*z - 1. Let p(t) = 13*t**2 - 2*t + 1. Calculate p(f).
12
Let l be 4/(-6)*(-60)/48. Let p(w) be the second derivative of w**2 + 2*w + 0 - 1/12*w**4 - l*w**3. Give p(-4).
6
Let c(p) be the third derivative of p**6/120 - p**4/6 - p**3/2 + 111*p**2. Give c(-2).
-3
Suppose 9 = 2*k + 4*m - 13, k + 7 = 4*m. Suppose 4*s - 34 = -k*y + 3*s, 3*y + s - 22 = 0. Let l(v) = -13*v**3 + 14*v**3 + 3*v**2 - y*v**2. Give l(3).
0
Let x(u) = -u**2 - 8*u - 2. Let a be 3 - -2 - (7 + 6). Give x(a).
-2
Let r(q) = -5*q**3 + 7*q**2 + 5*q + 9. Let u(s) = 2*s**3 - s - 1. Let k(v) = -r(v) - 3*u(v). What is k(-7)?
8
Suppose -t - 18 = -5*o, -5*o - 3*t + 26 = -0*o. Let b(i) = -6*i + 12*i + 10 - o*i. What is b(-8)?
-6
Let n = -1049 + 1044. Let f(m) = m**3 + 4*m**2 - 6*m - 7. Give f(n).
-2
Let h(c) = -c + 3. Suppose 53 = -17*r - 49. Calculate h(r).
9
Let n(v) = -3*v. Suppose 0*p + p = 2. Let y be n(p). Let z(m) = m**3 + 6*m**2 + m - 4. What is z(y)?
-10
Suppose -5*d + 5 = l - 19, -3*l = 2*d - 7. Let n(q) = -4*q + 7*q - 4 - d*q. Give n(-4).
4
Let m(j) = -j**3 + 11*j**2 - 2*j + 14. Let x be 1/(-1)*(5 + (-48)/3). What is m(x)?
-8
Suppose -69 = 98*x - 29*x. Let p(m) = -8*m**3 - m**2 - 2*m - 1. What is p(x)?
8
Let z(w) = 1326*w - 665*w - 660*w. Calculate z(12).
12
Let q(h) = -4 + 1 - 76*h + 9*h**3 + 7*h**3 - 15*h**3 + 73*h + 2*h**2. Determine q(-3).
-3
Let s = -57 + 59. Let r = 3 - s. Let d(t) be the first derivative of 2*t**3/3 - t**2/2 + 1. Give d(r).
1
Let c = -25 - -28. Suppose -15 = o + c*n, o - 3*n - 15 = -2*o. Let i(q) = -q - 14. Give i(o).
-14
Let g = 2095 - 2095. Let b(l) = l**3 - 2*l - 18. Give b(g).
-18
Let g(f) = f + 26. Let d be g(-15). Let c be (1 - 6)*1 + d. Let l(v) = v - 4. What is l(c)?
2
Suppose 4*h = -1 - 31. Let m be -1*(-3 - h) - -3. Let k(t) be the first derivative of -t**3 + 2*t + 62. Determine k(m).
-10
Let s(j) be the third derivative of -j**6/60 - j**5/20 - j**4/12 - 2*j**3/3 + 10*j**2 - 2. Calculate s(-2).
4
Let q = 22 - 16. Let t(s) = -281 + 96 - 4*s + 91 + 96 + 3*s. Determine t(q).
-4
Let n(b) = -b**2 + b + 5. Let f = 46 - 41. Suppose 4*l = f*l. Give n(l).
5
Suppose 17*b + 365 = 280. Let q(z) = z**3 + 3*z**2 - 5*z + 3. Calculate q(b).
-22
Let r(f) = f**2 + 15*f + 30. Suppose -77*b - 144 = -65*b. Calculate r(b).
-6
Let s be (48/(-20))/((-5)/(100/(-6))). Let n(p) = -p - 1. Determine n(s).
7
Let s(q) = -3*q + 1. Let r(g) = 80*g - 15. Let j(b) = r(b) + 25*s(b). Determine j(-3).
-5
Suppose 3*q - 40 = -4*i, -3*i + q = -3*q - 5. Suppose 2*t - i*t = -2*a - 1, 5 = 4*a - 3*t. Let j(k) = -5*k**2 + 4*k - 2. Give j(a).
-14
Let t(s) = s**2 + 3*s - 3. Suppose -j + 4*d = 2*j + 61, 4*d + 31 = -j. Let l = -20 - j. Suppose -5*p = -2*r + 30, 0*p + r = -l*p - 18. Give t(p).
15
Let t(b) = 4*b + 7. Let z(k) = -2*k - 1. Let f(n) = t(n) + 6*z(n). What is f(-4)?
33
Let c(v) = v**2 + 4*v + 8. Let y be c(-4). Suppose 2 - y = -u. Let x(g) = -g**3 + 5*g**2 + 6*g - 4. Determine x(u).
-4
Let d be 1/4*0 - (-4 - -2). Suppose 2*k = w - 9, -d*k - 2 = -0. Let j(z) = z**2 + 9*z + 2. Let v(i) = i**2 + i + 1. Let t(c) = j(c) - 2*v(c). Give t(w).
0
Let g(n) = -n**2 - 7*n - 5. Suppose 5*u + 3*h - 27 = 2*h, -3*u + 2*h + 24 = 0. Suppose u*j + 18 + 12 = 0. Determine g(j).
5
Let a(p) = p**2 - 4*p - 11. Suppose -7*s + 126 = 7*s. Determine a(s).
34
Let a(z) be the second derivative of -z**3/6 + z**2 - 306*z. Determine a(-3).
5
Let v(y) = y - 2. Let g be -3 - ((4 - 1) + -32). Suppose 0 = 5*w + x - g + 3, 0 = 4*w - 3*x - 26. Calculate v(w).
3
Let s(g) = 0*g + 9*g**3 - g + 3*g - 2*g**3 + 1. Let v(p) = -p**2 - p + 1. Let b be v(-2). What is s(b)?
-8
Let s(p) = p - 9. Let k = -14 + -29. Let n = k + 52. Calculate s(n).
0
Suppose -2*y + 407 = 389. Let c(b) = b**3 - 9*b**2 + 3*b - 15. Calculate c(y).
12
Suppose 2 - 10 = -x. Let m(n) = -x*n**2 - 7*n - n**3 + 2*n**2 + 5 + 9*n. Suppose 5*o = 4*o - 6. Calculate m(o).
-7
Let t(d) = -d - 5. Let v(m) = 3*m + 16. Let q(f) = -14*t(f) - 4*v(f). Give q(6).
18
Let b = 12 + -7. Suppose 114*m - 106*m = 32. Let f(x) = -b + 2 + 12*x**2 + 5*x - 15*x**2 + m*x**2. What is f(-6)?
3
Let g(a) = a**3 + 8*a**2 + 5*a - 11. Let i(t) = -t**3 - t**2 + 1. Let h(r) = g(r) + 2*i(r). Suppose 0 = 10*w - 70 + 10. Determine h(w).
21
Let h(u) be the first derivative of -2*u**3/3 - u**2 - u - 246. Determine h(-1).
-1
Let n(v) = -7 + v + 3 + 5. Suppose 0 = -11*f + 4 - 15. Calculate n(f).
0
Let n(m) be the first derivative of -3*m**2/2 + 42*m - 483. Determine n(13).
3
Let l be (((-16)/(-12))/2)/((-6)/(-81)). Let g be ((-10)/3)/(-1) + (-3)/l. Let n(w) = w**2 - 3*w - 4. Calculate n(g).
-4
Let u(x) = 2*x - 18. Let o = -696 - -704. Determine u(o).
-2
Let f(j) be the first derivative of j**2 - 15*j - 422. Determine f(19).
23
Let b(z) = -3*z + 1. Let y(k) = k. Let g(l) = l**2 + 6*l - 6. Let v be g(-7). Suppose v - 3 = 2*o. Let i(u) = o*b(u) - 4*y(u). Calculate i(5).
-6
Let n = -30 - -35. Let x(s) = -2*s + 14. Let t be x(n). Let v(l) = -l**2 + 5*l - 2. Calculate v(t).
2
Let g(n) be the third derivative of -n**9/3360 + n**8/20160 - n**6/720 + 43*n**5/60 - 35*n**2 - 1. Let m(f) be the third derivative of g(f). Give m(1).
-18
Let o(h) = -h**2 - 11*h + 9. Suppose 2*d = -w - 10, -1 = d - 2. Give o(w).
-3
Let s(z) = -z**2 + 7*z + 3. Let h = 35 - 33. Let w be (-8 - -10)*7/h. What is s(w)?
3
Let y = 4 + -12. Let f(o) = -158 - o + 331 - 162. Give f(y).
19
Let s(j) = 6*j + 1. Let z(h) = -7*h + 1. Let w(y) = 5*s(y) + 4*z(y). Determine w(-8).
-7
Let f(b) be the second derivative of -b**2 - 1/12*b**4 + 0 + 7/6*b**3 - 2*b. Suppose -3*x = -0*a + 4*a - 22, -x + 3*a = -3. What is f(x)?
4
Let w(z) = -2*z - 13. Let h(d) = -d**2 - 9*d + 571. Let x be h(20). Determine w(x).
5
Let o(y) = 7*y**3 + y